7*a**2 + 6. Give q(7).
6
Let y(v) = 2*v**2 + 3*v + 4. What is y(-1)?
3
Let x(a) = -a**3 - 4*a**2 - 4*a - 10. What is x(-5)?
35
Let g(r) = 23*r + 28. What is g(-6)?
-110
Let b(f) = -2*f**2 - 4*f + 28. Calculate b(-5).
-2
Let z(k) = -4*k**3 + 5*k. Determine z(2).
-22
Let w(n) = -10*n**2 + 12*n + 6. Calculate w(-2).
-58
Let o(w) = 2*w + 48. What is o(-26)?
-4
Let s(v) = -v**2 + 6*v - 6. Determine s(5).
-1
Let l(a) = -9*a - 34. Calculate l(-4).
2
Let b(t) = -t**2 - 43*t - 107. Determine b(-3).
13
Let u(k) = k**3 + 3*k**2 + k + 4. What is u(-2)?
6
Let h(w) = -7*w**2 - 2*w. Give h(1).
-9
Let y(o) = 3*o**2 - 33*o - 178. Determine y(-4).
2
Let f(y) = -2*y**3 - 8*y**2 - 15*y - 7. What is f(-3)?
20
Let y(j) = 7*j - 88. Determine y(13).
3
Let a(t) = t**2 - 3*t - 88. Calculate a(11).
0
Let o(b) = -b**3 - 14*b**2 + 16*b - 2. Determine o(-15).
-17
Let x(z) = -3*z - 13. Calculate x(-5).
2
Let u(n) = -n**2 + 11*n + 72. What is u(-5)?
-8
Let d(b) = -b**2 - 2*b + 2. Determine d(5).
-33
Let t(i) = 2*i**2 + 6*i - 10. Give t(-6).
26
Let i(c) = -4*c**2 - 2*c + 2. Determine i(1).
-4
Let s(q) = -5*q**2 - 30*q. What is s(-6)?
0
Let x(n) = -n**2 + 4*n + 10. Give x(8).
-22
Let r(y) = 7*y + 4. Give r(-5).
-31
Let y(z) = -z**2 + 3*z - 8. Calculate y(3).
-8
Let k(j) = j**3 - 7*j**2 + 10*j - 9. What is k(6)?
15
Let l(z) = z**3 - 5*z**2 - 13*z + 6. Calculate l(8).
94
Let s(f) = -13*f - 7. Give s(0).
-7
Let k(f) = f**3 + 35*f**2 + 172*f - 52. Give k(-29).
6
Let i(n) = -n**2 + 9*n - 16. Give i(7).
-2
Let s(r) = -r**3 - 10*r**2 - 10*r - 4. What is s(-9)?
5
Let f(k) = -k**3 + 6*k**2 + 2*k - 5. Give f(5).
30
Let s(v) = v**3 - 22*v**2 + 24*v - 47. Determine s(21).
16
Let d(i) = -15*i - 86. Calculate d(-6).
4
Let u(p) = 51*p**3 - 2*p**2 - p. Give u(-1).
-52
Let y(n) = -n**2 + 43. Calculate y(7).
-6
Let o(a) = -a**3 + 5*a**2 + 6*a + 4. What is o(5)?
34
Let x(b) = -b**2 + 17*b - 48. What is x(4)?
4
Let f(j) = -j**2 - 3*j + 8. What is f(-7)?
-20
Let c(s) = -s**3 + 7*s**2 + 12*s - 7. What is c(8)?
25
Let u(s) = -s**3 + 12*s**2 - 12*s + 10. What is u(11)?
-1
Let u(m) = -m**3 + 6*m**2 + 11*m - 31. What is u(7)?
-3
Let j(b) = -b**3 - 9*b**2 + 8*b - 12. Determine j(-10).
8
Let c(i) = i**2 - 4*i - 4. Give c(6).
8
Let b(z) = -5*z**2 - 19*z + 2. Calculate b(0).
2
Let d(t) = -2*t - 27. Determine d(-11).
-5
Let p(r) = -r**3 - 2*r**2 + 2*r + 4. Determine p(-3).
7
Let v(z) = 2*z**3 - 23*z**2 + 12*z - 26. Calculate v(11).
-15
Let p(w) = -3*w**2 - w - 1. What is p(-1)?
-3
Let y(w) = 9*w**3 - 2*w**2 - 4*w + 4. Determine y(1).
7
Let m(y) = -62*y - 2. Calculate m(-1).
60
Let p(w) = -w**2 - w - 7. Give p(0).
-7
Let d(c) = -2*c**2 - 25*c - 42. Give d(-11).
-9
Let t(r) = r**2 + 50*r - 155. Give t(-53).
4
Let z(l) = 17*l - 2. What is z(-1)?
-19
Let a(w) = -w**2 + 11*w - 9. Give a(10).
1
Let g(z) = z**3 + 11*z**2 - z. Determine g(-11).
11
Let p(o) = 7*o + 50. Determine p(-8).
-6
Let y(r) = -r**3 + 5*r**2 + 7*r + 6. Calculate y(6).
12
Let s(g) = 4*g - 14. Give s(6).
10
Let d(p) = -5*p - 10. What is d(-8)?
30
Let x(g) = -2*g - 17. Give x(-8).
-1
Let w(y) = 13*y + 31. Calculate w(-11).
-112
Let x(l) = -l**3 + 8*l**2 - 7*l - 1. What is x(7)?
-1
Let x(v) = 2*v**3 + 10*v**2 - 9*v + 19. Determine x(-6).
1
Let n(b) = -b**3 + 59*b**2 + b - 49. What is n(59)?
10
Let j(c) = -c**3 - 6*c**2 - 5. Calculate j(-6).
-5
Let m(v) = -2*v + 76. Give m(12).
52
Let g(n) = -3*n**2 + 19*n - 9. Calculate g(7).
-23
Let w(h) = h**3 - 14*h**2 + 19*h - 5. Calculate w(11).
-159
Let r(g) = -g**3 + 6*g**2 - 2. Give r(3).
25
Let x(u) = u**3 + 6*u**2 + 9*u + 20. Give x(-5).
0
Let f(x) = -x**3 - 7*x**2 + 3*x - 5. Determine f(-8).
35
Let j(p) = 2*p**2 + 44*p - 27. Give j(-23).
19
Let c(w) = -7*w - 30. Calculate c(-3).
-9
Let s(h) = h**3 - 13*h**2 - 9*h + 28. Give s(14).
98
Let x(q) = -2*q**2 - q - 1. Calculate x(-2).
-7
Let g(y) = 2*y**3 + 2*y - 1. Give g(2).
19
Let y(k) = 9*k**2 + k - 1. Calculate y(-2).
33
Let k(d) = 3*d + 75. Calculate k(-23).
6
Let c(h) = -4*h**2 + 9*h + 6. What is c(3)?
-3
Let c(q) = q - 17. What is c(8)?
-9
Let w(t) = 2*t**2 - t + 3. Determine w(4).
31
Let r(h) = -2*h + 12. Give r(8).
-4
Let f(l) = l**3 + 4*l**2 - 6*l - 1. Give f(-4).
23
Let v(l) = l**3 - 27*l**2 + 25*l - 4. Give v(26).
-30
Let a(g) = g - 22. Determine a(8).
-14
Let v(u) = -6*u**2 + 5*u + 7. Calculate v(-2).
-27
Let u(j) = -j**2 + 11*j - 1. Determine u(8).
23
Let n(g) = g**3 - 9*g**2 - 9*g + 25. Calculate n(10).
35
Let c(y) = -2*y - 4. Give c(-2).
0
Let p(w) = w**3 + 11*w**2 + 9*w + 9. What is p(-10)?
19
Let b(m) = -6*m + 20. What is b(0)?
20
Let u(n) = 28*n**3 - 6*n**2 + 5*n. What is u(1)?
27
Let d(k) = k - 1. Determine d(11).
10
Let f(v) = v + 30. What is f(-14)?
16
Let x(m) = m**3 + 17*m**2 - 13*m + 13. Give x(-18).
-77
Let n(g) = 3*g + 1. Give n(3).
10
Let r(s) = -4*s**3 + 4*s**2 + 3. Give r(-2).
51
Let u(o) = -o + 41. Determine u(5).
36
Let s(p) = -p - 4. What is s(8)?
-12
Let i(v) = -19*v + 84. Determine i(4).
8
Let n(z) = -z - 3. Calculate n(-3).
0
Let d(o) = 4*o + 71. Give d(-14).
15
Let f(k) = 8*k - 24. Give f(7).
32
Let t(w) = -w**3 + w**2 + 3*w + 2. Calculate t(-2).
8
Let y(j) = 3*j + 6. What is y(5)?
21
Let q(y) = y**3 + 4*y**2 + 2*y - 5. Calculate q(-3).
-2
Let p(c) = -3*c + 5. Give p(-4).
17
Let r(q) = -q**3 + 2*q - 3. Determine r(0).
-3
Let p(g) = g**3 + g**2 + g + 15. Calculate p(0).
15
Let n(y) = -y. Calculate n(-1).
1
Let y(c) = -c**3 - 10*c**2 + 13*c + 24. Calculate y(-10).
-106
Let d(p) = -p**2 - p + 21. Give d(0).
21
Let n(s) = 2*s + 52. Calculate n(-8).
36
Let c(n) = -n**3 - 6*n**2 + 6*n - 11. What is c(-7)?
-4
Let x(s) = -2*s + 21. Calculate x(18).
-15
Let z(o) = o + 14. Determine z(-8).
6
Let f(d) = -d**3 - 2*d**2 + 24*d - 10. Give f(0).
-10
Let z(a) = 2*a + 13. Give z(-4).
5
Let o(w) = 13*w**2 + w + 3. Determine o(-2).
53
Let r(h) = -3*h**3 - h**2 - 4*h - 1. Give r(-3).
83
Let h(s) = 3*s - 2. Give h(-2).
-8
Let s(h) = 10*h + 48. Give s(-5).
-2
Let c(x) = -2*x + 40. What is c(16)?
8
Let v(x) = 3*x - 8. Give v(-20).
-68
Let l(i) = -i**3 - i**2 - 3*i + 10. Give l(0).
10
Let i(m) = -m**3 + 10*m**2 - 1. Give i(10).
-1
Let o(q) = -4*q - 3. Calculate o(-5).
17
Let r(j) = j + 25. Give r(-34).
-9
Let d(l) = l**3 - l**2 - 2*l - 9. What is d(4)?
31
Let n(y) = -y**3 + 4*y**2 + 2*y - 5. What is n(4)?
3
Let m(f) = f**2 + 2*f - 1. What is m(5)?
34
Let r(h) = -h**2 + h + 3. Calculate r(-5).
-27
Let c(j) = 9*j - 17. Give c(2).
1
Let o(s) = -s**3 - 12*s**2 - 23*s + 14. Determine o(-9).
-22
Let q(t) = 41*t**3 + t**2 + t - 1. Give q(1).
42
Let s(o) = -o**3 + 32. Give s(0).
32
Let j(z) = -2*z**2 + 24*z - 74. Give j(9).
-20
Let c(z) = 105*z + 4. Calculate c(-1).
-101
Let j(n) = -n + 18. Determine j(27).
-9
Let x(w) = -21*w + 56. Give x(3).
-7
Let m(o) = 2*o + 26. Give m(22).
70
Let p(s) = -16*s - 2. Calculate p(2).
-34
Let j(m) = 5*m**2 + 11*m + 2. Determine j(-5).
72
Let b(y) = -2*y**2 - 15*y + 16. Give b(-11).
-61
Let z(t) = t**2 - 17*t + 22. What is z(9)?
-50
Let l(t) = 18*t - 84. Calculate l(7).
42
Let f(w) = -7*w**2 + 4*w - 2. What is f(3)?
-53
Let o(x) = -9*x**2 - 7*x + 1. Determine o(-3).
-59
Let c(r) = -r**3 - 18*r**2 - 35*r - 42. Determine c(-16).
6
Let u(z) = -z**3 - 6*z**2 - 4*z. Give u(-6).
24
Let s(b) = -b**3 + 13*b**2 + 4*b. Calculate s(13).
52
Let z(v) = -v**2 + 5*v + 3. Give z(4).
7
Let a(t) = -4*t - 5. Give a(6).
-29
Let z(s) = 2*s + 21. Determine z(-13).
-5
Let j(r) = -r**2 + 21*r - 4. Determine j(21).
-4
Let d(p) = 12*p - 90. What is d(8)?
6
Let v(j) = j**3 - 7*j**2 - 17*j + 10. What is v(9)?
19
Let r(d) = -6*d + 29. What is r(7)?
-13
Let i(r) = -r - 1. Calculate i(-10).
9
Let a(q) = -17*q + 244. Determine a(13).
23
Let a(z) = z**2 - 8*z. Determine a(7).
-7
Let v(s) = -s**2 - 17*s - 10. Give v(-6).
56
Let z(k) = -3*k + 6. Give z(6).
-12
Let q(s) = -s**3 + 10*s**2 + 11*s. Calculate q(11).
0
Let k(n) = 3*n**2 - n + 2. What is k(2)?
12
Let i(s) = -s**3 - 4*s**2 + 6*s + 8. Determine i(-5).
3
Let i(w) = 3*w**3 - 6*w**2 - w + 8. Determine i(2).
6
Let u(x) = -16*x - 6. What is u(5)?
-86
Let w(t) = t**3 - 19*t**2 + 10*t - 197. What is w(19)?
-7
Let w(s) = s**2 - 5*s - 22. Calculate w(-6).
44
Let w(i) = -36*i**3 - i**2 - 3*i - 2. Calculate w(-1).
36
Let h(b) = -b**2 - 27*b - 53. What is h(-24)?
19
Let l(h) = -h**2 + 2*h - 5. Give l(0).